 List the prime factors of x.
2, 7, 13
Suppose 75814 = 25*y - 3386. List the prime factors of y.
2, 3, 11
Let l = 1 + 11. Let k be (-2 + 7 + -1)*102/12. Suppose l = c - k. List the prime factors of c.
2, 23
Let g be ((-1)/3)/((-13)/39). Suppose -g = -3*n + 11. List the prime factors of -3 + (1 + 167)/n.
3, 13
Let n = 294 + 357. What are the prime factors of n?
3, 7, 31
Let g(n) = n**3 + 12*n**2 - 2*n - 18. Let a be g(-12). Suppose -105 = -d + 2*u, -d - 3*u - 553 = -a*d. List the prime factors of d.
113
What are the prime factors of (-6)/(-12)*(0 + 712)?
2, 89
Let m be (-7 - -3)/(1/3). Let a be m/(-7)*(6 - -1). List the prime factors of (a/7)/((-6)/(-21)).
2, 3
Suppose 0 = -42*s + 121296 + 102312. List the prime factors of s.
2, 11
Let d(o) = -88*o - 4. Let u be d(-7). Suppose -4*q + 2*y + 618 = 0, 2*q - 6*q - 4*y = -u. What are the prime factors of q?
2, 7, 11
Let z be ((-3)/2)/(6/(-12)). Suppose 2*f = -4*m + 40, -f - 10 = -m + z*f. List the prime factors of 15/m*(11 - 1).
3, 5
Let a(h) be the second derivative of 2*h**3/3 - 2*h**2 - 3*h. Let g be a(3). Let r = g - 6. What are the prime factors of r?
2
Suppose 15219 = -35*x + 144789. List the prime factors of x.
2, 3, 617
Suppose 2*n = 8, 4*o + 2*n - 159 = 33. List the prime factors of (1 - 5)/4 + o.
3, 5
Let r(a) be the second derivative of 17*a**4/3 + 7*a**3/3 - a**2/2 - 34*a. What are the prime factors of r(-2)?
3
Suppose 20*c - 37136 + 36 = 0. What are the prime factors of c?
5, 7, 53
Suppose -6*a = 11*a - 2074. List the prime factors of a.
2, 61
Let r = -12289 + 17905. What are the prime factors of r?
2, 3, 13
List the prime factors of 5*12/45*3054.
2, 509
Let x(c) = -230*c**3 - 7*c + 2. Let t(o) = o**3 + o - 1. Let s(a) = 4*t(a) + x(a). List the prime factors of s(-1).
227
Let v(y) = -y**3 - y**2 + 8*y + 11. What are the prime factors of v(-6)?
11, 13
Let j = -542 + 1007. List the prime factors of j.
3, 5, 31
Suppose 3740 = 2*g - 4*l, 3*l + 5625 = 6*g - 3*g. List the prime factors of g.
2, 5, 47
Let q(h) = h + 7. List the prime factors of q(0).
7
Suppose 57 = 4*q + 13. Suppose -4*u - 37 = -2*j - q, -4*j + 2*u + 70 = 0. List the prime factors of j.
19
Suppose 0 = -16*k + 5115 + 1189. What are the prime factors of k?
2, 197
List the prime factors of 1497 - -7*(1 + -1 + 1).
2, 47
Suppose 53425 = 23*p - 18220. List the prime factors of p.
5, 7, 89
Suppose 18*w - 4357 = 4877. What are the prime factors of w?
3, 19
Suppose 0*n + 72 = -4*n. Let q be ((-1)/8*-82)/(3/12). Let j = q + n. List the prime factors of j.
23
Let h = 5333 + -1641. List the prime factors of h.
2, 13, 71
Suppose -2*m = -31 + 27. Suppose -111 = -m*k - k. What are the prime factors of k?
37
Suppose -4*s - 2*y + 24 = 0, 4*s = -0*s + 2*y + 8. List the prime factors of 0/s + 0 + 218 - -1.
3, 73
Let z(d) = -63*d**3 + 5*d**2 + 10*d - 3. List the prime factors of z(-3).
3, 571
Suppose -2*c + 12 = 4*c. Suppose 0*h = -c*n - 5*h + 2213, -h - 2207 = -2*n. What are the prime factors of 4/6 - n/(-18)?
2, 31
Let a be 0 - 3 - -9 - 2. Suppose -88 = 5*f + 3*y, a*y - 47 = 3*f - 0*y. Let j = f + 26. What are the prime factors of j?
3
Let x(i) = 19*i**2 - 10*i - 12. What are the prime factors of x(-6)?
2, 3, 61
Suppose 5*r + 4*w = 7, 5 = -r - 0*r - 4*w. Suppose 0*n = -2*n - 2*j, -4*j = -r*n. Suppose 4*o - 7 - 89 = n. List the prime factors of o.
2, 3
Suppose 0 = -z + 985 + 1787. Suppose 0 = 11*o + o - z. List the prime factors of o.
3, 7, 11
Suppose 6*f = -753 + 7737. What are the prime factors of f?
2, 3, 97
Let b(j) = -63*j + 3117. List the prime factors of b(0).
3, 1039
Let h = -26 - -44. List the prime factors of 15/4*48/h.
2, 5
Let b = 44 + 395. List the prime factors of b.
439
Suppose 0*k = 3*k - 84. Let p be ((-26)/(-7))/(4/k). Suppose -2*g = -g - p. List the prime factors of g.
2, 13
Let h be ((-4)/(-12))/(-1)*-6. Suppose 5*m + 26 = y, -h*y + 0*m = -m - 25. List the prime factors of y.
11
Let b be (4/2)/(-2) + 15. Suppose -3*c + 35 = r, 3*r - c = 35 + 20. Let h = r - b. What are the prime factors of h?
2, 3
Suppose y = 3*m - 0*y - 5, -15 = -5*m + 3*y. Let k(b) = -1 + 0 + 2*b**2 + 7*b**3 + m. What are the prime factors of k(1)?
2
Suppose -61*o - 10339 = -68*o. What are the prime factors of o?
7, 211
Let c be ((-42)/28)/((-1)/2). Suppose 0 = c*h - 19 + 7. Suppose -h*x = -x - 69. What are the prime factors of x?
23
Let d(v) = 14*v - 13. Let i(f) = -5 + 0 + 12*f**2 - 2*f**2 + 8*f + f**3. Let p be i(-9). List the prime factors of d(p).
43
List the prime factors of (41433/6)/(28/16).
2, 1973
Let r(m) = -m + 5. Let q be r(0). Suppose -5*k = -2*i - 244 - 464, q*i = 2*k - 300. Suppose -k = -11*c + 7*c. List the prime factors of c.
5, 7
Let g = 14 - 8. Suppose q + q = -3*y + 24, 0 = -2*y + q + 9. Suppose x + y*p = 3*p + 26, -g = x - 5*p. List the prime factors of x.
2, 7
Suppose b + 794 = 2*j, -8*j + 9*j - 3*b = 392. What are the prime factors of j?
2, 199
Let u = 0 - 0. Suppose -6*q + 8*q = u. What are the prime factors of (-4)/6*(-12 - q)?
2
Suppose -23 = -2*j + 21. Let o = 47 - j. What are the prime factors of o?
5
Let z(a) = -5*a**2 - 3*a + 6. Let t(y) = y**3 + 10*y**2 + 7*y - 13. Let x(r) = 2*t(r) + 5*z(r). List the prime factors of x(4).
2, 3
What are the prime factors of -9274*((21/14 - 1) + -1)?
4637
Let r = 42 - 39. Suppose -1 - 106 = -5*b - h, 72 = r*b - 2*h. What are the prime factors of b?
2, 11
Suppose p - 42 = -3*p - i, 2*i = p - 6. Let w(z) = z**2 - 10*z + 14. Let s be w(p). Let n = s - 11. List the prime factors of n.
3
What are the prime factors of (-110)/7*(27 + -104)?
2, 5, 11
Let j(g) be the first derivative of -g**4/4 + 9*g**3 - 10*g**2 + 22*g + 22. List the prime factors of j(26).
2, 89
Let h be (-1 + 19)/((-4)/(-2)). Let s be (h - 8)/((-2)/(-8)). Suppose -v + m = -27, 0*v - m + 128 = s*v. What are the prime factors of v?
31
Suppose 5*z + g - 26 = -2*g, 16 = 5*z - 2*g. Suppose 2*m = -3*k + 12, -z*m + 0*m + k + 10 = 0. List the prime factors of m.
3
Suppose -12 = 11*s - 8*s. Let u(y) = -52*y - 4. What are the prime factors of u(s)?
2, 3, 17
Let u(b) = b**3 + 14*b**2 - 16*b - 12. Let d be u(-15). Suppose 4*x = -2*c + 9 + d, -5*c + 2 = -4*x. Suppose x*s = -s + 36. What are the prime factors of s?
2, 3
Suppose 26 = 5*g + 1. Suppose 77 = g*v - 118. List the prime factors of v.
3, 13
Let z(p) = -p**3 - 34*p**2 - 45*p - 56. List the prime factors of z(-33).
2, 5, 17
Let n be (-23)/(-2) - (-2)/(-4). Let d(v) = n*v - v + 0*v - 4. List the prime factors of d(3).
2, 13
Let i be (-9)/2*(-4)/(-3). List the prime factors of 2/(i + 2) - (-580)/8.
2, 3
Let p = -248 + 637. List the prime factors of p.
389
Let g be 7/(35/(-15)) + -1. What are the prime factors of (-318)/g + (-14)/28?
79
Suppose -17*a = 4*a - 189. List the prime factors of a.
3
Let v(o) = -o**2 + 21*o - 5. List the prime factors of v(12).
103
Let x be 2/3 - 9792/(-54). Let y = -116 + x. What are the prime factors of y?
2, 3, 11
Let x = -601 + 2551. What are the prime factors of x?
2, 3, 5, 13
What are the prime factors of 12/10*(-38925)/(-135)?
2, 173
Suppose 0 = -5*o - 4*b + 7, o - 3 - 8 = 4*b. Let i be (60/25)/(o/(-50)). Let a = -29 - i. List the prime factors of a.
11
Let f be (-1)/(20/(-8))*20. Let m = f - 8. Suppose m*o - o = -29. List the prime factors of o.
29
Let o = -6496 - -9800. What are the prime factors of o?
2, 7, 59
Let c(r) = 29*r**2 + 13*r + 48. List the prime factors of c(-6).
2, 3, 13
Suppose 0 = -4*q + 16, -4*h + 2*h + 106 = 2*q. Let w = -33 + h. List the prime factors of w.
2
Suppose 0*q - 24 = -4*n + 2*q, -4*n - 2*q + 8 = 0. Suppose 4*f - 197 = -b, -f = n*f - b - 244. What are the prime factors of f?
7
Let r(g) = -g**2 - 11*g + 14. Let v be r(-12). Let p be (-2)/((-3)/12*v). Suppose -40 = -q - p*q + 5*u, 0 = 5*u + 10. List the prime factors of q.
2, 3
Let s(h) = -h + 36. List the prime factors of s(6).
2, 3, 5
Let m(b) = b**3 - 3*b - 1. Let o(l) = -l**3 - 9*l**2 - 9*l - 5. Let g be o(-8). What are the prime factors of m(g)?
17
Suppose 0*s - 5*s + 1550 = 0. List the prime factors of s.
2, 5, 31
Let t = 2379 + -1409. List the prime factors of t.
2, 5, 97
Let p = 23 + -39. Let s be (-8)/p + 5/2. Suppose k = 3*k - 3*v - 92, s*k + v = 127. List the prime factors of k.
43
Suppose -4185 = 4*a + a. List the prime factors of (-12)/16 + (3 - a/12).
2, 3
Suppo